(4 + 1 + -6059)*(2 - (-30)/(-12))?
3
Let r be 15/(-10)*8/(-6). Suppose -37 = -5*f - r. Let h = 71 - f. What is the units digit of h?
4
Let p(z) = -8*z - 48. Let t be p(-6). What is the tens digit of (0 + t - 5) + 173?
6
Let n(p) = -5274*p - 7182. What is the thousands digit of n(-6)?
4
Let u be (105/(-12))/(2/(-8)). Suppose -17*x - 180 = -u*x. What is the units digit of x?
0
What is the units digit of -7 + (-12202 + 66)/(2 + 9/(-4))?
7
Suppose -x + 4437 = 3*s, -4*s + 3*x + 2093 + 3823 = 0. Let o be (s/(-27) - -1) + 20/(-90). What is the tens digit of 1/9 - 3072/o?
5
Let g be ((-14)/(-35))/(7/40390). Let v = g + -828. What is the tens digit of v?
8
Suppose -5*o + 1154 = -f, 4*f = o + 4*o - 1151. What is the hundreds digit of (-6)/14 - (-137082)/o?
5
Suppose 0 = 2*y + 2*u - 10, 5*u - 1 = 2*y + 3. Suppose -d + l = -7, l + 16 = y*d + d. Suppose d*a - 9*a + 276 = 0. What is the tens digit of a?
4
Suppose 29*b + 23*b = 2*b + 799000. What is the units digit of b?
0
Suppose k + 252 = 15*k. Suppose -k*v = 3*v - 252. Suppose 20*r - 2024 = v*r. What is the tens digit of r?
5
Let t = -73 - -97. Suppose 2*c = 3*w + 4, -4*c + 0*w + t = 2*w. What is the units digit of 4/16*-2*-2 + c?
6
Suppose -8 = 4*n, o + 7*n - 2*n + 6 = 0. Suppose 836 = -5*k + o*t + 3366, 2020 = 4*k - 4*t. Suppose 0 = 9*i - 615 - k. What is the tens digit of i?
2
Suppose -74*u = 100*u - 1445932 - 1920098. What is the ten thousands digit of u?
1
Suppose 0 = 3*d - 7*d + 12, 3*p - d = 21. Let v = p + -5. Suppose -15 = v*y, -3*k + 168 = y + 2*y. What is the tens digit of k?
6
Let b(s) = s**2 + 5*s + 7. Let t be b(-3). What is the units digit of (40/(-32))/(t/(-140))?
5
Suppose 335*g - 352*g = 0. Let w = 57 + 639. Suppose 6*f = -g*f + w. What is the tens digit of f?
1
Let a be (-1530)/(-95) - (-14)/(-133). Suppose -3*z - z - 3*g = -1256, a = -4*g. What is the units digit of z?
7
Suppose 14*i - 16*i - 18 = 0. Let k be (8/(-2))/(i/((-108)/(-8))). Suppose -88 = 2*n - k*n. What is the units digit of n?
2
Let k = 7897 - 7542. What is the tens digit of k?
5
Let h(f) = f**2 - 7*f + 9. Let n be h(6). Let q be 180/80 + -2 + 11/4. Suppose 2*y = q*y - 2*a - 90, 4*a - 260 = -n*y. What is the tens digit of y?
8
Let n(y) = 4*y**2 + 10*y - 21. Let b be n(-5). Suppose 0 = b*v + 19*v - 51216. What is the units digit of v?
7
Let b = -55 - -60. Let u be (-2)/b + (-11914)/(-35). What is the hundreds digit of 14/42*(u - 1)?
1
Suppose 6*y = 8*y + 3*s - 1530, -s = 2. Suppose 36*j - y = 32*j. What is the units digit of j?
2
Suppose -7684 = -2*j - 2*n, -4*j - 3911 = 2*n - 19283. Suppose -t + u + 474 = -487, 2*u = -4*t + j. What is the hundreds digit of t?
9
Suppose 105465 = -1064*k + 1079*k. What is the units digit of k?
1
Suppose 0 = 2*r - 20 + 8. Suppose 0 = 2*j - 5*j - r, 4*j = 4*b. What is the units digit of (-18)/12*b + -1 + 198?
0
Let q = 4748 - 3356. Suppose 4*l + 11*j - 6*j - q = 0, 0 = -l + 2*j + 335. What is the hundreds digit of l?
3
Let i be 1/((-843)/282 - -3). Suppose -i*v = -91*v - 669. What is the units digit of v?
3
Let b(y) = 1. Let u(r) = 7*r - 2. Let m(n) = -2*b(n) + u(n). Let v be m(2). What is the tens digit of (35/v)/((-1)/(-14))?
4
Let k = -805 - -716. Let i = -10 + -32. Let s = i - k. What is the units digit of s?
7
Suppose 59*q - 62*q = 4*w - 24811, -4*w = -5*q - 24771. What is the hundreds digit of w?
1
Suppose 5*u - 9201 = 2*n - 42430, -5*n + 3*u + 83063 = 0. What is the tens digit of n?
1
Let d = 265 + -279. Let g(q) = -q**3 - 10*q**2 + 18*q + 13. What is the units digit of g(d)?
5
Let q be (-15)/18*2*81/(-45). Suppose -59 = -2*g + q*a, 2*g + 5*a - 41 = -g. What is the units digit of g?
2
Suppose -2*q = 2*o - 228, 5*q - 2*o = o + 594. Let u = q + -50. Suppose -3*c + u = -65. What is the tens digit of c?
4
Suppose -2*r + 4*r = 6. Suppose -5*i - 4*h = -15, -4*i - 4*h - r = -15. Suppose -35 + 125 = 5*f - 4*c, -5*f + 85 = -i*c. What is the tens digit of f?
1
Suppose 0 = 13*m - 57 - 8. Suppose -5*q + m*u + 6955 = 0, u = 3*q - 323 - 3842. What is the tens digit of q?
8
Suppose 27*u - 251020 = 226664. What is the ten thousands digit of u?
1
Suppose -b - 492 + 490 = 0, -3*d - 2*b = -2780. What is the hundreds digit of d?
9
Suppose 4*s + 3*c = 11228, 186*s - 185*s - 2*c - 2796 = 0. What is the units digit of s?
4
Let g(l) = 15*l**2 - 17*l - 5. What is the tens digit of g(-31)?
3
Let h(k) = -83*k - 1. Suppose 0 = 2*l + 7*i - 3*i - 2, -5*l + 5*i = 10. Let s be h(l). Suppose n - 4*r = 41, 7*r - 3*r = 2*n - s. What is the units digit of n?
1
What is the ten thousands digit of ((-56)/(-140))/((-2)/(-172595)) + 7 + -3?
3
Suppose -2*u + 5*y + 7652 = 0, 3793 = 16*u - 15*u + 3*y. What is the thousands digit of u?
3
Let d(h) be the second derivative of -h**3/3 + 17*h**2 + 12*h. Let s be d(15). Suppose -3*x + s*x = 143. What is the tens digit of x?
4
Let c be (-3)/(-4)*((-3)/(-3) + 583). Let q = c - 259. What is the hundreds digit of q?
1
Let r(v) = 4*v**2 + 4*v**2 + 19 - 16 + 8*v**2 - 13. Let b = 23 + -19. What is the tens digit of r(b)?
4
Let h be 1/(65/(-20) - -3). Let t = h - -4. Suppose 0 = -2*z - 9*d + 4*d + 379, -d + 1 = t. What is the units digit of z?
7
Let x(n) = 11*n**2 - 35*n - 23. Let m(w) = -6*w**2 + 17*w + 11. Let s(i) = 5*m(i) + 3*x(i). What is the units digit of s(10)?
6
What is the units digit of 6/129 - 711200/(-430)?
4
Let d be (-42)/9 + 2/(-6). Suppose -4*a + m = -27, -4*a + 47 = 3*m - 0*m. Let u = a + d. What is the units digit of u?
3
Let f be 5*(-1 + 1 + 6/10). Let i be 2584/187 - 2/(-11). What is the tens digit of f - (18/(-63) - 3272/i)?
3
Suppose -15*q + 13007 = -38719 - 111939. What is the tens digit of q?
1
Suppose -17*c + 19564 = -16692 - 2249. What is the hundreds digit of c?
2
Let o(z) = 28*z**2 - 18*z - 1. Let g be o(2). What is the units digit of (-1479)/(-15) + 30/g?
9
Suppose -6*l = -9*l - 30. Let h(v) = -16*v**2 - 29*v + 17. Let w(b) = -7*b**2 - 14*b + 9. Let x(y) = 2*h(y) - 5*w(y). What is the hundreds digit of x(l)?
1
Let a(u) = 1278*u - 987. What is the hundreds digit of a(6)?
6
Let z be 0*(6/(-33) - 28/88). Suppose -25 = -z*g - g. What is the tens digit of 0 + -3 + 1 + g?
2
What is the tens digit of 4/34 + (16/(-170))/((-212)/41035780)?
1
Let n = -53 + 64. What is the tens digit of (-4 - 0)*n/88*-46?
2
Let u(p) = 5*p**2 - 22*p - 3. Let s be u(-21). What is the hundreds digit of (s/(-28))/(-3)*7?
2
Let l(u) = -1451*u + 4325. What is the ten thousands digit of l(-10)?
1
Let n be ((-6)/5)/(-2) - (-12)/(-20). Suppose n = 3*i - 15 + 12. Let b(t) = 83*t - 3. What is the units digit of b(i)?
0
Let v be 4/14 + (-2 - (-6924)/(-28)). What is the tens digit of ((-15)/2)/(v/120 + 2)?
0
Suppose 0 = -2*p + 4*p - 20. What is the hundreds digit of p*(286/(-77))/(15/(-63))?
1
Suppose -2*a = 8, -1373*d - 2*a = -1378*d + 294913. What is the ten thousands digit of d?
5
Let z(w) = 4*w**2 + w**3 - 10*w - 8 - 7 + w**2 + 1. Let t be z(-6). What is the units digit of (t/20)/((-1)/(-18))?
9
Let q be 12 + (-10 - -5 - 0). What is the units digit of 54/8*(2 + -1 + q)?
4
Let v = 97 + -81. Suppose 15*i + 332 = v*i. What is the units digit of i?
2
Let c(a) = -2744*a + 161. Let z(s) = -305*s + 18. Let y(m) = -4*c(m) + 35*z(m). What is the hundreds digit of y(1)?
2
Suppose -15 = -22*q + 19*q. Suppose 4*h + 2*o - 2472 = -598, q*o = h - 496. What is the hundreds digit of h?
4
Let x(f) = 100*f**2 - 2*f - 1. Suppose -2*t + 4*c + 30 = 0, -2*t - 2*t + 2*c + 54 = 0. Suppose -d = 2*l + l, -4*d = -l - t. What is the hundreds digit of x(l)?
1
Let w(s) be the third derivative of 17*s**5/60 + 2*s**4/3 - 13*s**3/6 - 58*s**2. What is the hundreds digit of w(4)?
3
Suppose 50384 = 37*i - 93583. What is the thousands digit of i?
3
Let i(k) = 430*k + 8. Let u be i(2). Suppose m - 8*m = -u. What is the tens digit of m?
2
Suppose -z + 5841 = q, 0*q = -2*z + q + 11685. What is the thousands digit of z?
5
Let k = -1905 - -1914. Let h(v) = 204*v**3. Let j be h(2). Suppose -k*a - 282 + j = 0. What is the tens digit of a?
5
Suppose -2*h + 5948 = 3*o, -o = -21*h + 26*h - 1974. What is the units digit of o?
4
What is the thousands digit of (152/(-20))/(16/(-42800))?
0
Let p = 233 - 230. Suppose 4*c - p*c = -i + 1231, 4*i + 4900 = 4*c. What is the hundreds digit of c?
2
Let z be 78/24 + (-3)/12. What is the units digit of (-